{"id":1239,"date":"2025-02-20T11:49:52","date_gmt":"2025-02-20T11:49:52","guid":{"rendered":"https:\/\/alberguevallada.com\/?page_id=1239"},"modified":"2025-02-20T13:10:30","modified_gmt":"2025-02-20T13:10:30","slug":"politica-de-cookies","status":"publish","type":"page","link":"https:\/\/alberguevallada.com\/val\/politica-de-cookies\/","title":{"rendered":"Pol\u00edtica de cookies"},"content":{"rendered":"<div data-elementor-type=\"wp-page\" data-elementor-id=\"1239\" class=\"elementor elementor-1239\" data-elementor-post-type=\"page\">\n\t\t\t\t<div class=\"elementor-element elementor-element-9894ed3 e-flex e-con-boxed e-con e-parent\" data-id=\"9894ed3\" data-element_type=\"container\" data-e-type=\"container\">\n\t\t\t\t\t<div class=\"e-con-inner\">\n\t\t\t\t<div class=\"elementor-element elementor-element-585cf7c elementor-widget elementor-widget-spacer\" data-id=\"585cf7c\" data-element_type=\"widget\" data-e-type=\"widget\" data-widget_type=\"spacer.default\">\n\t\t\t\t<div class=\"elementor-widget-container\">\n\t\t\t\t\t\t\t<div class=\"elementor-spacer\">\n\t\t\t<div class=\"elementor-spacer-inner\"><\/div>\n\t\t<\/div>\n\t\t\t\t\t\t<\/div>\n\t\t\t\t<\/div>\n\t\t\t\t<div class=\"elementor-element elementor-element-4b36e11 elementor-widget elementor-widget-heading\" data-id=\"4b36e11\" data-element_type=\"widget\" data-e-type=\"widget\" data-widget_type=\"heading.default\">\n\t\t\t\t<div class=\"elementor-widget-container\">\n\t\t\t\t\t<h1 class=\"elementor-heading-title elementor-size-default\">Pol\u00edtica de cookies<\/h1>\t\t\t\t<\/div>\n\t\t\t\t<\/div>\n\t\t\t\t<div class=\"elementor-element elementor-element-c879c2d elementor-widget elementor-widget-text-editor\" data-id=\"c879c2d\" data-element_type=\"widget\" data-e-type=\"widget\" data-widget_type=\"text-editor.default\">\n\t\t\t\t<div class=\"elementor-widget-container\">\n\t\t\t\t\t\t\t\t\t<p>El lloc web utilitza un analitzador de tr\u00e0nsit que empra petits arxius d&#039;informaci\u00f3 anomenats i coneguts com a \u201ccookies\u201d que el servidor envia a l&#039;ordinador de qui accedeix a la p\u00e0gina web per al correcte funcionament i visualitzaci\u00f3 dels llocs web per part de l&#039;usuari, aix\u00ed com la recollida de dades estad\u00edstiques sobre l&#039;\u00fas i la navegaci\u00f3 pel nostre lloc web. Podem demanar informaci\u00f3 sobre el vostre ordinador, incl\u00f2s si escau, la vostra adre\u00e7a d&#039;IP, sistema operatiu i tipus de navegador. Les galetes contenen informaci\u00f3 que es transfereix al disc dur del vostre ordinador.<span class=\"Apple-converted-space\">&nbsp;<\/span><\/p>\n<p>Les galetes tamb\u00e9 ens ajuden a millorar el nostre lloc web ia prestar un servei millor i m\u00e9s personalitzat. En concret, ens permeten:<span class=\"Apple-converted-space\">&nbsp;<\/span><\/p>\n<ul>\n<li>Fer una estimaci\u00f3 sobre n\u00fameros i patrons d\u00fas.<\/li>\n<li>Emmagatzemar informaci\u00f3 sobre les vostres prefer\u00e8ncies i personalitzar el nostre lloc web de conformitat amb els seus interessos individuals.<\/li>\n<li>Accelerar les vostres cerques.<\/li>\n<li>Recon\u00e8ixer-lo quan torni de nou al nostre lloc.<\/li>\n<\/ul><div><br><\/div>\n<h3>ACCEPTACI\u00d3 I\/O REBUIG DE LA POL\u00cdTICA DE COOKIES<\/h3>\n<p>Aquest lloc web mostra informaci\u00f3 sobre la seva Pol\u00edtica de Cookies a la part inferior o superior del portal a cada inici de sessi\u00f3 per tal que vost\u00e8 sigui conscient i informat d&#039;aix\u00f2. Podeu acceptar la instal\u00b7laci\u00f3 de les cookies al vostre navegador web mitjan\u00e7ant una acci\u00f3 afirmativa i positiva. Tamb\u00e9 podeu rebutjar l&#039;\u00fas de cookies mitjan\u00e7ant la selecci\u00f3 de negar-se a la instal\u00b7laci\u00f3 i el seu \u00fas al vostre navegador. No obstant aix\u00f2, heu de saber que si ho feu pot ser que no pugueu utilitzar la plena funcionalitat d&#039;aquest lloc web. Aquest lloc web realitza tractament dinformaci\u00f3 sobre vost\u00e8 per Google. A aquest efecte, s&#039;informa que Google Inc. t\u00e9 la consideraci\u00f3 de \u201cport segur\u201d quant a la normativa de protecci\u00f3 de dades personals. L&#039;Usuari ha de donar el seu consentiment previ, excepte indicaci\u00f3 en contra, a l&#039;\u00fas de \u201ccookies\u201d i autoritza tamb\u00e9 els seguiments de la seva IP durant la navegaci\u00f3 al lloc web. A menys que hagueu ajustat la configuraci\u00f3 del vostre navegador web de manera que rebutgi cookies, el nostre sistema produir\u00e0 cookies quan es connecti al nostre lloc. Seguint les directrius europees de la normativa de protecci\u00f3 de dades que es puguin veure afectades per l&#039;\u00fas de cookies, els diferents navegadors d&#039;Internet compten amb eines de configuraci\u00f3 perqu\u00e8 l&#039;Usuari, si ho desitja, pugui desactivar i\/o eliminar aquestes cookies o b\u00e9 activar al navegador el mode de navegaci\u00f3 privada. Podeu permetre, bloquejar o eliminar les cookies instal\u00b7lades al vostre equip mitjan\u00e7ant la configuraci\u00f3 de les opcions del navegador instal\u00b7lat al vostre ordinador: Chrome: https:\/\/support.google.com\/chrome\/answer\/95647?hl=ca Explorer: http:\/\/windows.microsoft.com\/es-es\/windows7\/how-to-manage-cookies-in-inter\/ habilitar-i-deshabilitar-cookies-que-los-sitios-web Safari: https:\/\/support.apple.com\/kb\/ph5042?locale=ca_ES<\/p><p><br><\/p>\n<h3>QUINES COOKIES UTILITZEM I PER A QU\u00c8?<span class=\"Apple-converted-space\">&nbsp;<\/span><\/h3>\n<p>A continuaci\u00f3, es presenta una explicaci\u00f3 m\u00e9s detallada de cada tipus de cookie, temporalitat, titularitat, finalitat i dominis: Google Analytics \u00e9s un servei anal\u00edtic de web prestat per Google, Inc., una companyia de Delaware l&#039;oficina principal del qual est\u00e0 a 1600 Amphitheatre Parkway, , i altres possibles galetes a carregar pel servei de monitoritzaci\u00f3 de visites de Google.<span class=\"Apple-converted-space\">&nbsp;<\/span><\/p>\n<p><strong>Serveixen per a:<span class=\"Apple-converted-space\">&nbsp;<\/span><\/strong><\/p>\n<ul>\n<li>Fer una estimaci\u00f3 sobre n\u00fameros i patrons d\u00fas.<\/li>\n<li>Emmagatzemar informaci\u00f3 sobre les vostres prefer\u00e8ncies i personalitzar el nostre lloc web de conformitat amb els seus interessos individuals.<\/li>\n<li>Accelerar les vostres cerques.<\/li>\n<li>Recon\u00e8ixer-lo quan torni de nou al nostre lloc.<\/li>\n<li>Generar un identificador dusuari \u00fanic, que \u00e9s el que sutilitza per fer recompte de quantes vegades visita el lloc un usuari, aix\u00ed com la data de la primera i l\u00faltima vegada que va visitar la web.<\/li>\n<li>Registrar la data i l&#039;hora d&#039;acc\u00e9s a qualsevol de les p\u00e0gines del Lloc.<\/li>\n<li>Comprovar la necessitat de mantenir la sessi\u00f3 d&#039;un usuari oberta o crear-ne una de nova.<\/li>\n<li>Identificar la sessi\u00f3 de l&#039;usuari per recollir la ubicaci\u00f3 geogr\u00e0fica aproximada de l&#039;ordinador que accedeix al Lloc amb efectes estad\u00edstics. Poden ser tant temporals com a persistents.<\/li>\n<\/ul>\t\t\t\t\t\t\t\t<\/div>\n\t\t\t\t<\/div>\n\t\t\t\t<div class=\"elementor-element elementor-element-16a4829 elementor-widget elementor-widget-spacer\" data-id=\"16a4829\" data-element_type=\"widget\" data-e-type=\"widget\" data-widget_type=\"spacer.default\">\n\t\t\t\t<div class=\"elementor-widget-container\">\n\t\t\t\t\t\t\t<div class=\"elementor-spacer\">\n\t\t\t<div class=\"elementor-spacer-inner\"><\/div>\n\t\t<\/div>\n\t\t\t\t\t\t<\/div>\n\t\t\t\t<\/div>\n\t\t\t\t\t<\/div>\n\t\t\t\t<\/div>\n\t\t\t\t<\/div>","protected":false},"excerpt":{"rendered":"<p>Pol\u00edtica de cookies El sitio Web utiliza un analizador de tr\u00e1fico que emplea peque\u00f1os archivos de informaci\u00f3n denominados y conocidos como \u201ccookies\u201d que el servidor env\u00eda al ordenador de quien accede a la p\u00e1gina web para el correcto funcionamiento y visualizaci\u00f3n de los sitios web por parte del usuario, as\u00ed como la recogida de datos [&hellip;]<\/p>\n","protected":false},"author":2,"featured_media":0,"parent":0,"menu_order":0,"comment_status":"closed","ping_status":"closed","template":"","meta":{"footnotes":""},"class_list":["post-1239","page","type-page","status-publish","hentry"],"yoast_head":"<!-- This site is optimized with the Yoast SEO plugin v25.1 - https:\/\/yoast.com\/wordpress\/plugins\/seo\/ -->\n<title>Pol\u00edtica de cookies - Albergue Las Ermitas de Vallada<\/title>\n<meta name=\"description\" content=\"Consulta nuestra Pol\u00edtica de Cookies y conoce c\u00f3mo usamos las cookies en Albergue Vallada. Gestiona tu privacidad y preferencias de navegaci\u00f3n.\" \/>\n<meta name=\"robots\" content=\"index, follow, max-snippet:-1, max-image-preview:large, max-video-preview:-1\" \/>\n<link rel=\"canonical\" href=\"https:\/\/alberguevallada.com\/val\/politica-de-cookies\/\" \/>\n<meta property=\"og:locale\" content=\"ca_ES\" \/>\n<meta property=\"og:type\" content=\"article\" \/>\n<meta property=\"og:title\" content=\"Pol\u00edtica de cookies - Albergue Las Ermitas de Vallada\" \/>\n<meta property=\"og:description\" content=\"Consulta nuestra Pol\u00edtica de Cookies y conoce c\u00f3mo usamos las cookies en Albergue Vallada. Gestiona tu privacidad y preferencias de navegaci\u00f3n.\" \/>\n<meta property=\"og:url\" content=\"https:\/\/alberguevallada.com\/val\/politica-de-cookies\/\" \/>\n<meta property=\"og:site_name\" content=\"Albergue Las Ermitas de Vallada\" \/>\n<meta property=\"article:modified_time\" content=\"2025-02-20T13:10:30+00:00\" \/>\n<meta name=\"twitter:card\" content=\"summary_large_image\" \/>\n<meta name=\"twitter:label1\" content=\"Temps estimat de lectura\" \/>\n\t<meta name=\"twitter:data1\" content=\"3 minuts\" \/>\n<script type=\"application\/ld+json\" class=\"yoast-schema-graph\">{\"@context\":\"https:\/\/schema.org\",\"@graph\":[{\"@type\":\"WebPage\",\"@id\":\"https:\/\/alberguevallada.com\/politica-de-cookies\/\",\"url\":\"https:\/\/alberguevallada.com\/politica-de-cookies\/\",\"name\":\"Pol\u00edtica de cookies - Albergue Las Ermitas de Vallada\",\"isPartOf\":{\"@id\":\"https:\/\/alberguevallada.com\/#website\"},\"datePublished\":\"2025-02-20T11:49:52+00:00\",\"dateModified\":\"2025-02-20T13:10:30+00:00\",\"description\":\"Consulta nuestra Pol\u00edtica de Cookies y conoce c\u00f3mo usamos las cookies en Albergue Vallada. Gestiona tu privacidad y preferencias de navegaci\u00f3n.\",\"breadcrumb\":{\"@id\":\"https:\/\/alberguevallada.com\/politica-de-cookies\/#breadcrumb\"},\"inLanguage\":\"ca\",\"potentialAction\":[{\"@type\":\"ReadAction\",\"target\":[\"https:\/\/alberguevallada.com\/politica-de-cookies\/\"]}]},{\"@type\":\"BreadcrumbList\",\"@id\":\"https:\/\/alberguevallada.com\/politica-de-cookies\/#breadcrumb\",\"itemListElement\":[{\"@type\":\"ListItem\",\"position\":1,\"name\":\"Portada\",\"item\":\"https:\/\/alberguevallada.com\/\"},{\"@type\":\"ListItem\",\"position\":2,\"name\":\"Pol\u00edtica de cookies\"}]},{\"@type\":\"WebSite\",\"@id\":\"https:\/\/alberguevallada.com\/#website\",\"url\":\"https:\/\/alberguevallada.com\/\",\"name\":\"Albergue Las Ermitas de Vallada\",\"description\":\"Naturaleza, deporte y buena comida\",\"publisher\":{\"@id\":\"https:\/\/alberguevallada.com\/#organization\"},\"potentialAction\":[{\"@type\":\"SearchAction\",\"target\":{\"@type\":\"EntryPoint\",\"urlTemplate\":\"https:\/\/alberguevallada.com\/?s={search_term_string}\"},\"query-input\":{\"@type\":\"PropertyValueSpecification\",\"valueRequired\":true,\"valueName\":\"search_term_string\"}}],\"inLanguage\":\"ca\"},{\"@type\":\"Organization\",\"@id\":\"https:\/\/alberguevallada.com\/#organization\",\"name\":\"Albergue Las Ermitas de Vallada\",\"url\":\"https:\/\/alberguevallada.com\/\",\"logo\":{\"@type\":\"ImageObject\",\"inLanguage\":\"ca\",\"@id\":\"https:\/\/alberguevallada.com\/#\/schema\/logo\/image\/\",\"url\":\"https:\/\/alberguevallada.com\/wp-content\/uploads\/2023\/02\/fav.png\",\"contentUrl\":\"https:\/\/alberguevallada.com\/wp-content\/uploads\/2023\/02\/fav.png\",\"width\":512,\"height\":512,\"caption\":\"Albergue Las Ermitas de Vallada\"},\"image\":{\"@id\":\"https:\/\/alberguevallada.com\/#\/schema\/logo\/image\/\"}}]}<\/script>\n<!-- \/ Yoast SEO plugin. -->","yoast_head_json":{"title":"Pol\u00edtica de cookies - Alberg Les Ermites de Vallada","description":"Consulta la nostra Pol\u00edtica de Cookies i coneix com fem servir les cookies a Alberg Vallada. Gestiona la teva privadesa i prefer\u00e8ncies de navegaci\u00f3.","robots":{"index":"index","follow":"follow","max-snippet":"max-snippet:-1","max-image-preview":"max-image-preview:large","max-video-preview":"max-video-preview:-1"},"canonical":"https:\/\/alberguevallada.com\/val\/politica-de-cookies\/","og_locale":"ca_ES","og_type":"article","og_title":"Pol\u00edtica de cookies - Albergue Las Ermitas de Vallada","og_description":"Consulta nuestra Pol\u00edtica de Cookies y conoce c\u00f3mo usamos las cookies en Albergue Vallada. Gestiona tu privacidad y preferencias de navegaci\u00f3n.","og_url":"https:\/\/alberguevallada.com\/val\/politica-de-cookies\/","og_site_name":"Albergue Las Ermitas de Vallada","article_modified_time":"2025-02-20T13:10:30+00:00","twitter_card":"summary_large_image","twitter_misc":{"Temps estimat de lectura":"3 minuts"},"schema":{"@context":"https:\/\/schema.org","@graph":[{"@type":"WebPage","@id":"https:\/\/alberguevallada.com\/politica-de-cookies\/","url":"https:\/\/alberguevallada.com\/politica-de-cookies\/","name":"Pol\u00edtica de cookies - Alberg Les Ermites de Vallada","isPartOf":{"@id":"https:\/\/alberguevallada.com\/#website"},"datePublished":"2025-02-20T11:49:52+00:00","dateModified":"2025-02-20T13:10:30+00:00","description":"Consulta la nostra Pol\u00edtica de Cookies i coneix com fem servir les cookies a Alberg Vallada. Gestiona la teva privadesa i prefer\u00e8ncies de navegaci\u00f3.","breadcrumb":{"@id":"https:\/\/alberguevallada.com\/politica-de-cookies\/#breadcrumb"},"inLanguage":"ca","potentialAction":[{"@type":"ReadAction","target":["https:\/\/alberguevallada.com\/politica-de-cookies\/"]}]},{"@type":"BreadcrumbList","@id":"https:\/\/alberguevallada.com\/politica-de-cookies\/#breadcrumb","itemListElement":[{"@type":"ListItem","position":1,"name":"Portada","item":"https:\/\/alberguevallada.com\/"},{"@type":"ListItem","position":2,"name":"Pol\u00edtica de cookies"}]},{"@type":"WebSite","@id":"https:\/\/alberguevallada.com\/#website","url":"https:\/\/alberguevallada.com\/","name":"Alberg Les Ermites de Vallada","description":"Natura, esport i bon menjar","publisher":{"@id":"https:\/\/alberguevallada.com\/#organization"},"potentialAction":[{"@type":"SearchAction","target":{"@type":"EntryPoint","urlTemplate":"https:\/\/alberguevallada.com\/?s={search_term_string}"},"query-input":{"@type":"PropertyValueSpecification","valueRequired":true,"valueName":"search_term_string"}}],"inLanguage":"ca"},{"@type":"Organization","@id":"https:\/\/alberguevallada.com\/#organization","name":"Alberg Les Ermites de Vallada","url":"https:\/\/alberguevallada.com\/","logo":{"@type":"ImageObject","inLanguage":"ca","@id":"https:\/\/alberguevallada.com\/#\/schema\/logo\/image\/","url":"https:\/\/alberguevallada.com\/wp-content\/uploads\/2023\/02\/fav.png","contentUrl":"https:\/\/alberguevallada.com\/wp-content\/uploads\/2023\/02\/fav.png","width":512,"height":512,"caption":"Albergue Las Ermitas de Vallada"},"image":{"@id":"https:\/\/alberguevallada.com\/#\/schema\/logo\/image\/"}}]}},"_links":{"self":[{"href":"https:\/\/alberguevallada.com\/val\/wp-json\/wp\/v2\/pages\/1239","targetHints":{"allow":["GET"]}}],"collection":[{"href":"https:\/\/alberguevallada.com\/val\/wp-json\/wp\/v2\/pages"}],"about":[{"href":"https:\/\/alberguevallada.com\/val\/wp-json\/wp\/v2\/types\/page"}],"author":[{"embeddable":true,"href":"https:\/\/alberguevallada.com\/val\/wp-json\/wp\/v2\/users\/2"}],"replies":[{"embeddable":true,"href":"https:\/\/alberguevallada.com\/val\/wp-json\/wp\/v2\/comments?post=1239"}],"version-history":[{"count":7,"href":"https:\/\/alberguevallada.com\/val\/wp-json\/wp\/v2\/pages\/1239\/revisions"}],"predecessor-version":[{"id":1246,"href":"https:\/\/alberguevallada.com\/val\/wp-json\/wp\/v2\/pages\/1239\/revisions\/1246"}],"wp:attachment":[{"href":"https:\/\/alberguevallada.com\/val\/wp-json\/wp\/v2\/media?parent=1239"}],"curies":[{"name":"wp","href":"https:\/\/api.w.org\/{rel}","templated":true}]}}