{"id":1234,"date":"2025-02-20T11:42:48","date_gmt":"2025-02-20T11:42:48","guid":{"rendered":"https:\/\/alberguevallada.com\/?page_id=1234"},"modified":"2025-02-20T13:11:20","modified_gmt":"2025-02-20T13:11:20","slug":"politica-de-privadesa","status":"publish","type":"page","link":"https:\/\/alberguevallada.com\/val\/politica-de-privadesa\/","title":{"rendered":"Pol\u00edtica de privadesa"},"content":{"rendered":"<div data-elementor-type=\"wp-page\" data-elementor-id=\"1234\" class=\"elementor elementor-1234\" data-elementor-post-type=\"page\">\n\t\t\t\t<div class=\"elementor-element elementor-element-9894ed3 e-flex e-con-boxed e-con e-parent\" data-id=\"9894ed3\" data-element_type=\"container\" data-e-type=\"container\">\n\t\t\t\t\t<div class=\"e-con-inner\">\n\t\t\t\t<div class=\"elementor-element elementor-element-585cf7c elementor-widget elementor-widget-spacer\" data-id=\"585cf7c\" data-element_type=\"widget\" data-e-type=\"widget\" data-widget_type=\"spacer.default\">\n\t\t\t\t<div class=\"elementor-widget-container\">\n\t\t\t\t\t\t\t<div class=\"elementor-spacer\">\n\t\t\t<div class=\"elementor-spacer-inner\"><\/div>\n\t\t<\/div>\n\t\t\t\t\t\t<\/div>\n\t\t\t\t<\/div>\n\t\t\t\t<div class=\"elementor-element elementor-element-4b36e11 elementor-widget elementor-widget-heading\" data-id=\"4b36e11\" data-element_type=\"widget\" data-e-type=\"widget\" data-widget_type=\"heading.default\">\n\t\t\t\t<div class=\"elementor-widget-container\">\n\t\t\t\t\t<h1 class=\"elementor-heading-title elementor-size-default\">Pol\u00edtica de privadesa<\/h1>\t\t\t\t<\/div>\n\t\t\t\t<\/div>\n\t\t\t\t<div class=\"elementor-element elementor-element-c879c2d elementor-widget elementor-widget-text-editor\" data-id=\"c879c2d\" data-element_type=\"widget\" data-e-type=\"widget\" data-widget_type=\"text-editor.default\">\n\t\t\t\t<div class=\"elementor-widget-container\">\n\t\t\t\t\t\t\t\t\t<p>ALBERTO MENGUAL PITARCH, en aplicaci\u00f3 de la normativa vigent en mat\u00e8ria de protecci\u00f3 de dades de car\u00e0cter personal, informa que les dades personals que es recullen a trav\u00e9s dels formularis del Lloc web: https:\/\/alberguevallada.com\/, s&#039;inclouen als fitxers automatitzats espec\u00edfics d&#039;usuaris dels serveis de https:\/\/alberguevallada.com\/<\/p><p>La recollida i el tractament automatitzat de les dades de car\u00e0cter personal t\u00e9 com a finalitat el manteniment de la relaci\u00f3 comercial i l&#039;exercici de tasques d&#039;informaci\u00f3, assessorament i altres activitats indicades tant en aquesta pol\u00edtica com en qualsevol dels formularis publicats en aquest Lloc. Aquestes dades nom\u00e9s seran cedides a aquelles entitats que siguin necess\u00e0ries amb l&#039;\u00fanic objectiu de donar compliment a la finalitat exposada anteriorment.<\/p><p>ALBERTO MENGUAL PITARCH adopta les mesures necess\u00e0ries per garantir la seguretat, integritat i confidencialitat de les dades conforme al que disposa el Reglament (UE) 2016\/679 del Parlament Europeu i del Consell, de 27 d&#039;abril de 2016, relatiu a la protecci\u00f3 de les persones f\u00edsiques pel que fa al tractament de dades personals ia la lliure.<\/p><p>L&#039;usuari podr\u00e0 en qualsevol moment exercitar els drets d&#039;acc\u00e9s, oposici\u00f3, rectificaci\u00f3 i cancel\u00b7laci\u00f3 reconeguts a l&#039;esmentat Reglament (UE). L&#039;exercici d&#039;aquests drets el pot fer el propi usuari a trav\u00e9s de correu electr\u00f2nic a: info@alberguevallada.com oa l&#039;adre\u00e7a: Pol\u00edgon 11, parcel\u00b7la 77, 46691, Vallada, Val\u00e8ncia<\/p><p>L&#039;usuari manifesta que totes les dades facilitades per ell s\u00f3n certes i correctes, i es compromet a mantenir-les actualitzades, comunicant els canvis a info@alberguevallada.com<\/p><h2>Finalitat del tractament de les dades personals<\/h2><h3>Amb quina finalitat tractarem les teves dades personals?<\/h3><p>ALBERTO MENGUAL PITARCH, tractarem les teves dades personals demanades a trav\u00e9s del Lloc Web: https:\/\/alberguevallada.com\/ , amb les finalitats seg\u00fcents:<\/p><ol><li>En cas de contractaci\u00f3 dels b\u00e9ns i serveis oferts a trav\u00e9s de https:\/\/alberguevallada.com\/, per mantenir la relaci\u00f3 contractual, aix\u00ed com la gesti\u00f3, administraci\u00f3, informaci\u00f3, prestaci\u00f3 i millora del servei.<\/li><li>Enviament d&#039;informaci\u00f3 sol\u00b7licitada a trav\u00e9s dels formularis disposats a https:\/\/alberguevallada.com\/<\/li><\/ol><p>Et recordem que et pots oposar a l&#039;enviament de comunicacions comercials per qualsevol via i en qualsevol moment, remetent un correu electr\u00f2nic a l&#039;adre\u00e7a indicada anteriorment.<\/p><p>Els camps d&#039;aquests registres s\u00f3n d&#039;emplenament obligatori, i \u00e9s impossible fer les finalitats expressades si no s&#039;aporten aquestes dades.<\/p><h3>Per quant de temps es conserven les dades personals recollides?<\/h3><p>Les dades personals proporcionades es conservaran mentre es mantingui la relaci\u00f3 comercial o no en sol\u00b7liciti la supressi\u00f3 i durant el termini pel qual es puguin derivar responsabilitats legals pels serveis prestats.<\/p><h3>Legitimaci\u00f3<\/h3><p>El tractament de les teves dades es realitza amb les bases jur\u00eddiques seg\u00fcents que legitimen el mateix:<\/p><ol><li>La sol\u00b7licitud d&#039;informaci\u00f3 i\/o la contractaci\u00f3 dels serveis de https:\/\/alberguevallada.com\/, els termes i condicions dels quals es posaran a la teva disposici\u00f3 en tot cas, de forma pr\u00e8via a una eventual contractaci\u00f3.<\/li><li>El consentiment lliure, espec\u00edfic, informat i inequ\u00edvoc, en tant que t&#039;informem posant a la teva disposici\u00f3 aquesta pol\u00edtica de privadesa, que despr\u00e9s de llegir-la, en cas d&#039;estar conforme, pots acceptar mitjan\u00e7ant una declaraci\u00f3 o una clara acci\u00f3 afirmativa, com el marcatge d&#039;una casella disposada a aquest efecte.<\/li><li>En cas que no ens facilitis les teves dades o ho facis de forma err\u00f2nia o incompleta, no podrem atendre la teva sol\u00b7licitud, resultant del tot impossible proporcionar-te la informaci\u00f3 sol\u00b7licitada o dur a terme la contractaci\u00f3 dels serveis.<\/li><\/ol><h3>Destinataris<\/h3><p>Les dades no es comunicaran a cap tercer ali\u00e8 a https:\/\/alberguevallada.com\/, excepte obligaci\u00f3 legal.<\/p><h3>Dades recopilades per usuaris dels serveis<\/h3><p>En els casos en qu\u00e8 l&#039;usuari inclogui fitxers amb dades de car\u00e0cter personal als servidors d&#039;allotjament compartit, ALBERTO MENGUAL PITARCH no es fa responsable de l&#039;incompliment per part de l&#039;usuari de l&#039;RGPD.<\/p><h3>Retenci\u00f3 de dades de conformitat amb la LSSI<\/h3><p>ALBERTO MENGUAL PITARCH informa que, com a prestador de servei d&#039;allotjament de dades i en virtut del que estableix la Llei 34\/2002 d&#039;11 de juliol de Serveis de la Societat de la Informaci\u00f3 i de Comer\u00e7 Electr\u00f2nic (LSSI), ret\u00e9 per un per\u00edode m\u00e0xim de 12 mesos la informaci\u00f3 imprescindible per identificar l&#039;origen de les dades allotjades i el moment. La retenci\u00f3 d&#039;aquestes dades no afecta el secret de les comunicacions i nom\u00e9s es poden utilitzar en el marc d&#039;una investigaci\u00f3 criminal o per a la salvaguarda de la seguretat p\u00fablica, posant-se a disposici\u00f3 dels jutges i\/o tribunals o del Ministeri que aix\u00ed ho requereixi.<\/p><p>La comunicaci\u00f3 de dades a les Forces i Cossos de l&#039;Estat es far\u00e0 en virtut del que disposa la normativa sobre protecci\u00f3 de dades personals.<\/p><h3>Drets de propietat intel\u00b7lectual<\/h3><p>ALBERTO MENGUAL PITARCH \u00e9s titular de tots els drets d&#039;autor, propietat intel\u00b7lectual, industrial, \u201cknow how\u201d i tots els altres drets tenen relaci\u00f3 amb els continguts del lloc web https:\/\/alberguevallada.com\/ i els serveis que s&#039;hi ofereixen, aix\u00ed com dels programes necessaris per a la seva implementaci\u00f3 i la informaci\u00f3 relacionada.<\/p><p>No es permet la reproducci\u00f3, publicaci\u00f3 i\/o \u00fas no estrictament privat dels continguts, totals o parcials, del lloc web ALBERTO MENGUAL PITARCH sense el consentiment previ i per escrit.<\/p><h3>Propietat intel\u00b7lectual dels continguts allotjats<\/h3><p>Es prohibeix l&#039;\u00fas contrari a la legislaci\u00f3 sobre propietat intel\u00b7lectual dels serveis prestats per ALBERTO MENGUAL PITARCH i, en particular:<\/p><ul><li>La utilitzaci\u00f3 que resulti contr\u00e0ria a les lleis espanyoles o que infringeixi els drets de tercers.<\/li><li>La publicaci\u00f3 o la transmissi\u00f3 de qualsevol contingut que, segons el parer d&#039;ALBERTO MENGUAL PITARCH, resulti violent, obsc\u00e8, abusiu, il\u00b7legal, racial, xen\u00f2fob o difamatori.<\/li><li>Els cracs, n\u00fameros de s\u00e8rie de programes o qualsevol altre contingut que vulneri drets de la propietat intel\u00b7lectual de tercers.<\/li><li>La recollida i\/o utilitzaci\u00f3 de dades personals d&#039;altres usuaris sense el seu consentiment expr\u00e9s o contravenint el que disposa el Reglament (UE) 2016\/679 del Parlament Europeu i del Consell, de 27 d&#039;abril de 2016, relatiu a la protecci\u00f3 de les persones f\u00edsiques pel que fa al tractament de dades personals ia la lliure circulaci\u00f3 dels mateixos.<\/li><li>La utilitzaci\u00f3 del servidor de correu del domini i de les adreces de correu electr\u00f2nic per a l&#039;enviament de correu massiu no desitjat.<\/li><\/ul><p>L&#039;usuari t\u00e9 tota la responsabilitat sobre el contingut del web, la informaci\u00f3 transmesa i emmagatzemada, els enlla\u00e7os d&#039;hipertext, les reivindicacions de tercers i les accions legals en refer\u00e8ncia a propietat intel\u00b7lectual.<\/p><h3>Drets de tercers i protecci\u00f3 de menors<\/h3><p>L&#039;usuari \u00e9s responsable respecte a les lleis i els reglaments en vigor i les regles que tenen a veure amb el funcionament del servei online, comer\u00e7 electr\u00f2nic, drets d&#039;autor, manteniment de l&#039;ordre p\u00fablic, aix\u00ed com principis universals d&#039;\u00fas d&#039;Internet.<\/p><p>L&#039;usuari indemnitzar\u00e0 ALBERTO MENGUAL PITARCH per les despeses que gener\u00e9s la imputaci\u00f3 en alguna causa la responsabilitat de les quals fos atribu\u00efble a l&#039;usuari, inclosos honoraris i despeses de defensa jur\u00eddica, fins i tot en el cas d&#039;una decisi\u00f3 judicial no definitiva.<\/p><h3>Protecci\u00f3 de la informaci\u00f3 allotjada<\/h3><p>ALBERTO MENGUAL PITARCH realitza c\u00f2pies de seguretat dels continguts allotjats als seus servidors, per\u00f2 no es responsabilitza de la p\u00e8rdua o l&#039;esborrament accidental de les dades per part dels usuaris. De la mateixa manera, no garanteix la reposici\u00f3 total de les dades esborrades pels usuaris, ja que les dades esmentades podrien haver estat suprimides i\/o modificades durant el per\u00edode del temps transcorregut des de l&#039;\u00faltima c\u00f2pia de seguretat.<\/p><p>Els serveis oferts, excepte els serveis espec\u00edfics de backup, no inclouen la reposici\u00f3 dels continguts conservats a les c\u00f2pies de seguretat realitzades per ALBERTO MENGUAL PITARCH , quan aquesta p\u00e8rdua sigui imputable a l&#039;usuari; en aquest cas, es determinar\u00e0 una tarifa d&#039;acord amb la complexitat i el volum de la recuperaci\u00f3, sempre pr\u00e8via acceptaci\u00f3 de l&#039;usuari.<\/p><p>La reposici\u00f3 de dades esborrades nom\u00e9s est\u00e0 inclosa en el preu del servei quan la p\u00e8rdua del contingut sigui deguda a causes atribu\u00efbles a ALBERTO MENGUAL PITARCH<\/p><h3>Comunicacions comercials<\/h3><p>En aplicaci\u00f3 de la LSSI. ALBERTO MENGUAL PITARCH no enviar\u00e0 comunicacions publicit\u00e0ries o promocionals per correu electr\u00f2nic o altre mitj\u00e0 de comunicaci\u00f3 electr\u00f2nica equivalent que pr\u00e8viament no hagin estat sol\u00b7licitades o expressament autoritzades pels destinataris de les mateixes.<\/p><p>En el cas d&#039;usuaris amb qui hi hagi una relaci\u00f3 contractual pr\u00e8via, ALBERTO MENGUAL PITARCH s\u00ed que est\u00e0 autoritzat a l&#039;enviament de comunicacions comercials referents a productes o serveis de https:\/\/alberguevallada.com\/ que siguin similars als que inicialment van ser objecte de contractaci\u00f3 amb el client.<\/p><p>En tot cas, l&#039;usuari, despr\u00e9s d&#039;acreditar-ne la identitat, podr\u00e0 sol\u00b7licitar que no se li faci arribar m\u00e9s informaci\u00f3 comercial a trav\u00e9s dels canals d&#039;Atenci\u00f3 al Client.<\/p>\t\t\t\t\t\t\t\t<\/div>\n\t\t\t\t<\/div>\n\t\t\t\t<div class=\"elementor-element elementor-element-16a4829 elementor-widget elementor-widget-spacer\" data-id=\"16a4829\" data-element_type=\"widget\" data-e-type=\"widget\" data-widget_type=\"spacer.default\">\n\t\t\t\t<div class=\"elementor-widget-container\">\n\t\t\t\t\t\t\t<div class=\"elementor-spacer\">\n\t\t\t<div class=\"elementor-spacer-inner\"><\/div>\n\t\t<\/div>\n\t\t\t\t\t\t<\/div>\n\t\t\t\t<\/div>\n\t\t\t\t\t<\/div>\n\t\t\t\t<\/div>\n\t\t\t\t<\/div>","protected":false},"excerpt":{"rendered":"<p>Pol\u00edtica de privacidad ALBERTO MENGUAL PITARCH, en aplicaci\u00f3n de la normativa vigente en materia de protecci\u00f3n de datos de car\u00e1cter personal, informa que los datos personales que se recogen a trav\u00e9s de los formularios del Sitio web: https:\/\/alberguevallada.com\/, se incluyen en los ficheros automatizados espec\u00edficos de usuarios de los servicios de https:\/\/alberguevallada.com\/ La recogida y [&hellip;]<\/p>\n","protected":false},"author":2,"featured_media":0,"parent":0,"menu_order":0,"comment_status":"closed","ping_status":"closed","template":"","meta":{"footnotes":""},"class_list":["post-1234","page","type-page","status-publish","hentry"],"yoast_head":"<!-- This site is optimized with the Yoast SEO plugin v25.1 - https:\/\/yoast.com\/wordpress\/plugins\/seo\/ -->\n<title>Pol\u00edtica de privacidad - Albergue Las Ermitas de Vallada<\/title>\n<meta name=\"description\" content=\"Consulta nuestra Pol\u00edtica de Privacidad y conoce c\u00f3mo protegemos tus datos en Albergue Vallada. Transparencia y seguridad.\" \/>\n<meta name=\"robots\" content=\"index, follow, max-snippet:-1, max-image-preview:large, max-video-preview:-1\" \/>\n<link rel=\"canonical\" href=\"https:\/\/alberguevallada.com\/val\/politica-de-privadesa\/\" \/>\n<meta property=\"og:locale\" content=\"ca_ES\" \/>\n<meta property=\"og:type\" content=\"article\" \/>\n<meta property=\"og:title\" content=\"Pol\u00edtica de privacidad - Albergue Las Ermitas de Vallada\" \/>\n<meta property=\"og:description\" content=\"Consulta nuestra Pol\u00edtica de Privacidad y conoce c\u00f3mo protegemos tus datos en Albergue Vallada. Transparencia y seguridad.\" \/>\n<meta property=\"og:url\" content=\"https:\/\/alberguevallada.com\/val\/politica-de-privadesa\/\" \/>\n<meta property=\"og:site_name\" content=\"Albergue Las Ermitas de Vallada\" \/>\n<meta property=\"article:modified_time\" content=\"2025-02-20T13:11:20+00:00\" \/>\n<meta name=\"twitter:card\" content=\"summary_large_image\" \/>\n<meta name=\"twitter:label1\" content=\"Temps estimat de lectura\" \/>\n\t<meta name=\"twitter:data1\" content=\"7 minuts\" \/>\n<script type=\"application\/ld+json\" class=\"yoast-schema-graph\">{\"@context\":\"https:\/\/schema.org\",\"@graph\":[{\"@type\":\"WebPage\",\"@id\":\"https:\/\/alberguevallada.com\/politica-de-privacidad\/\",\"url\":\"https:\/\/alberguevallada.com\/politica-de-privacidad\/\",\"name\":\"Pol\u00edtica de privacidad - Albergue Las Ermitas de Vallada\",\"isPartOf\":{\"@id\":\"https:\/\/alberguevallada.com\/#website\"},\"datePublished\":\"2025-02-20T11:42:48+00:00\",\"dateModified\":\"2025-02-20T13:11:20+00:00\",\"description\":\"Consulta nuestra Pol\u00edtica de Privacidad y conoce c\u00f3mo protegemos tus datos en Albergue Vallada. Transparencia y seguridad.\",\"breadcrumb\":{\"@id\":\"https:\/\/alberguevallada.com\/politica-de-privacidad\/#breadcrumb\"},\"inLanguage\":\"ca\",\"potentialAction\":[{\"@type\":\"ReadAction\",\"target\":[\"https:\/\/alberguevallada.com\/politica-de-privacidad\/\"]}]},{\"@type\":\"BreadcrumbList\",\"@id\":\"https:\/\/alberguevallada.com\/politica-de-privacidad\/#breadcrumb\",\"itemListElement\":[{\"@type\":\"ListItem\",\"position\":1,\"name\":\"Portada\",\"item\":\"https:\/\/alberguevallada.com\/\"},{\"@type\":\"ListItem\",\"position\":2,\"name\":\"Pol\u00edtica de privacidad\"}]},{\"@type\":\"WebSite\",\"@id\":\"https:\/\/alberguevallada.com\/#website\",\"url\":\"https:\/\/alberguevallada.com\/\",\"name\":\"Albergue Las Ermitas de Vallada\",\"description\":\"Naturaleza, deporte y buena comida\",\"publisher\":{\"@id\":\"https:\/\/alberguevallada.com\/#organization\"},\"potentialAction\":[{\"@type\":\"SearchAction\",\"target\":{\"@type\":\"EntryPoint\",\"urlTemplate\":\"https:\/\/alberguevallada.com\/?s={search_term_string}\"},\"query-input\":{\"@type\":\"PropertyValueSpecification\",\"valueRequired\":true,\"valueName\":\"search_term_string\"}}],\"inLanguage\":\"ca\"},{\"@type\":\"Organization\",\"@id\":\"https:\/\/alberguevallada.com\/#organization\",\"name\":\"Albergue Las Ermitas de Vallada\",\"url\":\"https:\/\/alberguevallada.com\/\",\"logo\":{\"@type\":\"ImageObject\",\"inLanguage\":\"ca\",\"@id\":\"https:\/\/alberguevallada.com\/#\/schema\/logo\/image\/\",\"url\":\"https:\/\/alberguevallada.com\/wp-content\/uploads\/2023\/02\/fav.png\",\"contentUrl\":\"https:\/\/alberguevallada.com\/wp-content\/uploads\/2023\/02\/fav.png\",\"width\":512,\"height\":512,\"caption\":\"Albergue Las Ermitas de Vallada\"},\"image\":{\"@id\":\"https:\/\/alberguevallada.com\/#\/schema\/logo\/image\/\"}}]}<\/script>\n<!-- \/ Yoast SEO plugin. -->","yoast_head_json":{"title":"Pol\u00edtica de privadesa - Alberg Les Ermites de Vallada","description":"Consulta la nostra Pol\u00edtica de Privadesa i coneix com protegim les teves dades a Alberg Vallada. Transpar\u00e8ncia i seguretat.","robots":{"index":"index","follow":"follow","max-snippet":"max-snippet:-1","max-image-preview":"max-image-preview:large","max-video-preview":"max-video-preview:-1"},"canonical":"https:\/\/alberguevallada.com\/val\/politica-de-privadesa\/","og_locale":"ca_ES","og_type":"article","og_title":"Pol\u00edtica de privacidad - Albergue Las Ermitas de Vallada","og_description":"Consulta nuestra Pol\u00edtica de Privacidad y conoce c\u00f3mo protegemos tus datos en Albergue Vallada. Transparencia y seguridad.","og_url":"https:\/\/alberguevallada.com\/val\/politica-de-privadesa\/","og_site_name":"Albergue Las Ermitas de Vallada","article_modified_time":"2025-02-20T13:11:20+00:00","twitter_card":"summary_large_image","twitter_misc":{"Temps estimat de lectura":"7 minuts"},"schema":{"@context":"https:\/\/schema.org","@graph":[{"@type":"WebPage","@id":"https:\/\/alberguevallada.com\/politica-de-privacidad\/","url":"https:\/\/alberguevallada.com\/politica-de-privacidad\/","name":"Pol\u00edtica de privadesa - Alberg Les Ermites de Vallada","isPartOf":{"@id":"https:\/\/alberguevallada.com\/#website"},"datePublished":"2025-02-20T11:42:48+00:00","dateModified":"2025-02-20T13:11:20+00:00","description":"Consulta la nostra Pol\u00edtica de Privadesa i coneix com protegim les teves dades a Alberg Vallada. Transpar\u00e8ncia i seguretat.","breadcrumb":{"@id":"https:\/\/alberguevallada.com\/politica-de-privacidad\/#breadcrumb"},"inLanguage":"ca","potentialAction":[{"@type":"ReadAction","target":["https:\/\/alberguevallada.com\/politica-de-privacidad\/"]}]},{"@type":"BreadcrumbList","@id":"https:\/\/alberguevallada.com\/politica-de-privacidad\/#breadcrumb","itemListElement":[{"@type":"ListItem","position":1,"name":"Portada","item":"https:\/\/alberguevallada.com\/"},{"@type":"ListItem","position":2,"name":"Pol\u00edtica de privacidad"}]},{"@type":"WebSite","@id":"https:\/\/alberguevallada.com\/#website","url":"https:\/\/alberguevallada.com\/","name":"Alberg Les Ermites de Vallada","description":"Natura, esport i bon menjar","publisher":{"@id":"https:\/\/alberguevallada.com\/#organization"},"potentialAction":[{"@type":"SearchAction","target":{"@type":"EntryPoint","urlTemplate":"https:\/\/alberguevallada.com\/?s={search_term_string}"},"query-input":{"@type":"PropertyValueSpecification","valueRequired":true,"valueName":"search_term_string"}}],"inLanguage":"ca"},{"@type":"Organization","@id":"https:\/\/alberguevallada.com\/#organization","name":"Alberg Les Ermites de Vallada","url":"https:\/\/alberguevallada.com\/","logo":{"@type":"ImageObject","inLanguage":"ca","@id":"https:\/\/alberguevallada.com\/#\/schema\/logo\/image\/","url":"https:\/\/alberguevallada.com\/wp-content\/uploads\/2023\/02\/fav.png","contentUrl":"https:\/\/alberguevallada.com\/wp-content\/uploads\/2023\/02\/fav.png","width":512,"height":512,"caption":"Albergue Las Ermitas de Vallada"},"image":{"@id":"https:\/\/alberguevallada.com\/#\/schema\/logo\/image\/"}}]}},"_links":{"self":[{"href":"https:\/\/alberguevallada.com\/val\/wp-json\/wp\/v2\/pages\/1234","targetHints":{"allow":["GET"]}}],"collection":[{"href":"https:\/\/alberguevallada.com\/val\/wp-json\/wp\/v2\/pages"}],"about":[{"href":"https:\/\/alberguevallada.com\/val\/wp-json\/wp\/v2\/types\/page"}],"author":[{"embeddable":true,"href":"https:\/\/alberguevallada.com\/val\/wp-json\/wp\/v2\/users\/2"}],"replies":[{"embeddable":true,"href":"https:\/\/alberguevallada.com\/val\/wp-json\/wp\/v2\/comments?post=1234"}],"version-history":[{"count":4,"href":"https:\/\/alberguevallada.com\/val\/wp-json\/wp\/v2\/pages\/1234\/revisions"}],"predecessor-version":[{"id":1238,"href":"https:\/\/alberguevallada.com\/val\/wp-json\/wp\/v2\/pages\/1234\/revisions\/1238"}],"wp:attachment":[{"href":"https:\/\/alberguevallada.com\/val\/wp-json\/wp\/v2\/media?parent=1234"}],"curies":[{"name":"wp","href":"https:\/\/api.w.org\/{rel}","templated":true}]}}